git of c?
4
Let y(l) = -l**3 + 7*l**2 + 5*l + 8. Let w be y(8). Let x be 1 + 2*w/2. What is the units digit of ((-2)/6)/(1/x)?
5
Suppose 15 + 5 = 2*l - 4*b, -4*b = l + 8. Suppose 0*t + 68 = l*t. What is the units digit of t?
7
What is the tens digit of 1*3/(-3) + 102?
0
Let o(w) = -2 - 5*w - w**2 + 0*w + 3. What is the units digit of o(-4)?
5
Let y(q) = -6*q**2 + 4*q - 2. Let i be y(2). Let p be (-381)/i + 2/(-12). Suppose p = 2*m + 9. What is the units digit of m?
6
Suppose 4*l + 20 = 5*a, 2*a + 5*l = -0*a - 25. Suppose j = -3 - a. Let w = 0 - j. What is the units digit of w?
3
Let x = -1 + 3. Suppose f = -x*f + 27. What is the units digit of f?
9
Suppose -3*j - 4 = 8. What is the tens digit of 3*((0 - j) + 1)?
1
Suppose 2*c + c - 6 = 0. Suppose -a - c*a = -9. Suppose -4*x = a*p - 14, -2*x = 2*p - 4*p. What is the units digit of p?
2
Let h be (-1)/(-2) - (-18)/4. Let c = 7 - h. Suppose -c*i - 2*i + 4 = 0. What is the units digit of i?
1
Suppose 3 + 2 = 5*y. Let s be 3 + -3 + 4/y. Suppose s*q - 4 = 8. What is the units digit of q?
3
Suppose 5*l - 8 = 47. What is the units digit of l?
1
Let s(i) = -i**3 + 7*i**2 + 6*i + 10. Let d be s(8). Let u be ((-16)/(-6))/(d/36). What is the units digit of u/(-6)*(-105)/(-20)?
4
Suppose 0 = -2*k + 5 + 5. Suppose 0*l - k*l = -25. What is the units digit of ((-4)/(-5))/(2/l)?
2
Suppose -4*h = -z + 6*z - 6, -2 = z + 4*h. Let j(a) = 3*a + 2. What is the units digit of j(z)?
8
Suppose -7*z - 10 = -2*z. What is the units digit of (-1)/((z/(-4))/(-1))?
2
Suppose -2*b = -w + 114, 3*b - 8*b + 25 = 0. What is the tens digit of w?
2
Let o(p) = -p**2 + 9*p - 6. What is the units digit of o(3)?
2
Suppose -5*u - 26 - 17 = -2*p, 13 = 2*p + u. Suppose -x = 2*x - p. What is the units digit of 2/(-6) - (-16)/x?
5
Let u = -8 + 34. Let s = u - 44. What is the units digit of (s/(-12))/((-6)/(-8))?
2
Suppose 2*y = -6, p = -p - 3*y - 7. Let h be 4/p*22/(-8). Let o = -3 - h. What is the units digit of o?
8
Suppose -21 = -2*y + 145. What is the units digit of y?
3
Let b = 84 - 60. Let h = -13 + b. What is the units digit of h?
1
What is the tens digit of 6/(-4)*(-80)/12?
1
Let u(b) = -b**3 + 11*b**2 - 6*b - 4. What is the units digit of u(6)?
0
What is the hundreds digit of -2*(24/16)/(1/(-133))?
3
Suppose 0 = -5*m + 3*r - 2*r + 14, -2*m = -2*r - 12. Let t be (-3 + m)*6/(-2). Suppose -9 = -5*b + 2*c, -5*b + t*c + 6 = -0. What is the units digit of b?
3
Suppose 6 = -2*v + 5*v. Suppose -2*z - 2*x - 2 = 0, -3*z + v*x = -2*z - 5. What is the units digit of z?
1
Suppose 0 = 6*g + g - 2212. What is the tens digit of g?
1
Let u(t) = -15*t + 5. Suppose -5*x - 25 = -2*d, 4*d + 0 = -x + 17. What is the units digit of u(x)?
0
Suppose 3*q = w + 612, q = 5*q - 4*w - 824. What is the hundreds digit of q?
2
Let i = -37 - 91. What is the tens digit of 8/(-36) - i/9?
1
Let d be 3/6 + (-27)/(-6). Suppose d*r + 5*g = 45, -2*r = 5*g - 1 - 2. What is the units digit of r?
4
Let y(f) be the second derivative of f**4/12 + 2*f**3/3 + f. What is the units digit of y(3)?
1
What is the units digit of (2 + 1)/(3/25)?
5
Let o be (-2)/(-3*6/63). Suppose o + 1 = c. What is the units digit of c?
8
Let f be ((-2)/(-4))/((-3)/(-30)). Suppose -f*x - 15 - 15 = -h, -3*x = -h + 26. What is the units digit of h?
0
Let z(p) = -26*p**3 + p. What is the units digit of z(-1)?
5
Let x = 26 - -1. Suppose 4*a + a = m + x, 3*a = -m + 13. Suppose 0 = 5*j - 2*f + a*f - 2, 4*j + 5*f = -1. What is the units digit of j?
1
What is the hundreds digit of ((-23)/2)/(6/(-108))?
2
Suppose 4*q = -1 + 17. Suppose -3*x - 4 = q*t - 0*x, -3*x - 20 = -4*t. Suppose 4*h - 10 = -p, t*p - 19 = -2*p + 5*h. What is the units digit of p?
6
Let f(u) = -u**2 + 4*u + 6. What is the units digit of f(5)?
1
Suppose 15 = 4*h + r, 1 = -2*h + h - 5*r. Suppose z - 90 = -h*z. What is the tens digit of z?
1
Let z = 561 + -255. What is the hundreds digit of z?
3
Let d = -426 - -631. What is the units digit of d?
5
What is the units digit of (6/2)/(8/288)?
8
Suppose -4*i = -0*i - 60. What is the units digit of 84/i - (-4)/10?
6
Let t(b) = -2*b**2 + 12*b - 7. Let o(j) = -3*j**2 + 23*j - 13. Let l(p) = -3*o(p) + 5*t(p). What is the units digit of l(-9)?
4
Let h(k) = 2*k**3 + 4*k**2 - 8*k - 3. Let u be h(-5). Let s = -80 - u. What is the units digit of s?
3
Suppose 1 = 4*q - 3. Let y be (-1)/(-1)*6/q. Suppose -3*r = -y*r + 15. What is the units digit of r?
5
Let p(i) = 5*i + 0*i - 2*i. Let t be p(5). Suppose 3*d + 4*u - 35 = 0, -u + t = 5*d - 3*d. What is the units digit of d?
5
Let h(k) = 4*k + 5 + 2*k - 5*k. What is the tens digit of h(5)?
1
Let y = -7 - -6. What is the tens digit of -34*y*(3 - 2)?
3
Suppose 2*v - 69 = -v. Suppose -t = -5*m + v, m = 4*t + 3*m - 18. What is the tens digit of (4/(-2))/(t/(-21))?
2
What is the hundreds digit of (30/40)/(1/148)?
1
Suppose -2*q = -10, s + 20 = 6*s + 2*q. Suppose 5*n - s*n = 9. What is the tens digit of n - -6 - (-1 + -1)?
1
Suppose -59 = 5*s - 3*a, 0 = -2*s - 2*s + 5*a - 55. Let f = s + -8. Let g = -12 - f. What is the units digit of g?
6
Let h(u) = -u**3 + 8*u**2 - 6*u - 9. Let p be h(7). Let x be -10*p/4 + -1. Suppose -16 = -x*z + 4. What is the units digit of z?
5
What is the units digit of (-4)/(-6) + (-868)/(-21)?
2
Suppose -o = -4*o. Suppose o = 3*f + f - 8. What is the units digit of f?
2
Let z(j) = j**3 - 9*j**2 + 8*j + 7. Let b(f) = 9*f**2 + f. Let t be b(-1). Let m be z(t). Suppose 2*c = c + m. What is the units digit of c?
7
Let a = -5 - -55. Suppose 4*v = -v + a. What is the tens digit of v?
1
Suppose 139 = 4*v - 9. Let i = v + -24. What is the tens digit of i?
1
Suppose 420 = 4*b - g, -b - 5*g + 444 = 3*b. What is the hundreds digit of b?
1
Let r be (0/(-2*1))/2. Suppose r = 3*o - 4*o. What is the units digit of o + (-2)/4*-2?
1
Let a(w) be the third derivative of w**6/120 - 3*w**5/20 + w**4/12 - 11*w**3/6 - 3*w**2. What is the units digit of a(9)?
7
Let k = -2 + 4. Suppose k*c + c = 0. Suppose -2*o + 19 - 7 = c. What is the units digit of o?
6
What is the tens digit of 2/7 + (-375)/(-35)?
1
Suppose -3*z = -5*c - 2*z - 12, 3*c = 5*z - 16. What is the tens digit of ((-1)/c)/((-1)/(-26))?
1
Let f(g) = g**3 - 2. Let b be f(-2). Let h = 0 - b. Let w = h + -3. What is the units digit of w?
7
Let r = -1 - -5. Suppose 0 = -0*z + z + r*a - 2, -z = -a - 27. What is the units digit of z?
2
Suppose -5*f + 2*p = -524, 0 = -10*f + 6*f - p + 414. What is the units digit of f?
4
Let g = 5 + -21. Let q = g + 24. What is the units digit of q?
8
Let h(q) = q**3 - 4*q**2 + 4. Let n = 2 - 0. Suppose n = 3*s - 2*m, 5*s - s - 3*m = 1. What is the units digit of h(s)?
4
Let q = 22 - -34. Suppose -2*a + q = -30. What is the tens digit of a?
4
Suppose 0 = 2*a + 2*a + 4*g - 32, 5*a + 3*g = 44. What is the tens digit of a?
1
Let d be (-32)/24*3/(-2). Suppose d*h + 5 - 69 = 0. What is the tens digit of h?
3
Let z = -8 - -22. Suppose -z = -3*g - 2. Suppose 24 = g*c - 2*c. What is the tens digit of c?
1
Suppose 10 = -h + 6*h. Let p be -3*(32/6)/h. What is the units digit of 20/6 - p/12?
4
Let f(s) be the second derivative of -15*s**3/2 - s**2/2 - 2*s. Let c be f(-1). Suppose 4*q - 8 = 6*q, 5*x - q = c. What is the units digit of x?
8
Let a = 15 - 10. Suppose 0 = a*t, -5*v - 31 - 24 = 2*t. Let k(b) = -b. What is the units digit of k(v)?
1
Suppose -4*l + 132 = 3*d - d, -2*l = 0. What is the tens digit of d?
6
Let o = -11 + 2. What is the tens digit of (o - -1)*(-1 + -1)?
1
Suppose 3*l + 3*d = 6, 5*l - 16 = -d + 2*d. Suppose 0 = m + 3, 2*a - 40 = -5*m + 33. Suppose l*x + a = 7*x. What is the units digit of x?
1
Let z be (2 - -4) + (-3 - 0). Suppose z*o + 0*o = 15. What is the units digit of o?
5
Suppose 12*c + 1050 = 19*c. What is the hundreds digit of c?
1
Let b = -76 + 160. What is the tens digit of b?
8
Let n(z) = -z**2 - z + 4. Suppose -4*p = -5*o - 6*p - 8, 4*p = -16. What is the units digit of n(o)?
4
Let o = -1 + 13. Suppose -4*b + 2*q + o = -64, 4*q - 8 = 0. What is the units digit of b?
0
Suppose -8 = -j + 4. Let x be (1 + j)*(3 + -2). Suppose -3*y + 3*w = -5 - x, -2 = 5*y + 3*w. What is the units digit of y?
2
Let n(g) = 24*g**2 - 2. Let m be n(2). Suppose y = -y + m. What is the units digit of y?
7
Suppose f = -4*w + 13, 2*w - 5*f + 10 = -11. Suppose -3*a + 25 = w*a. What i